at are the prime factors of 5968359?
3, 37, 17923
What are the prime factors of 442774?
2, 269, 823
List the prime factors of 14068714.
2, 11, 639487
What are the prime factors of 525601?
47, 53, 211
List the prime factors of 5588255.
5, 523, 2137
List the prime factors of 56298.
2, 3, 11, 853
What are the prime factors of 3451277?
523, 6599
What are the prime factors of 3649790?
2, 5, 364979
List the prime factors of 261631.
261631
List the prime factors of 432437.
432437
List the prime factors of 5745714.
2, 3, 13, 19, 3877
List the prime factors of 694869.
3, 7, 29, 163
What are the prime factors of 2531402?
2, 17, 74453
List the prime factors of 18702202.
2, 9351101
What are the prime factors of 5453832?
2, 3, 113, 2011
List the prime factors of 1812821.
1812821
What are the prime factors of 1907796?
2, 3, 11, 97, 149
List the prime factors of 2779058.
2, 17, 81737
List the prime factors of 3166856.
2, 7, 11, 53, 97
List the prime factors of 1409872.
2, 88117
What are the prime factors of 36335395?
5, 7267079
What are the prime factors of 3690575?
5, 7, 21089
What are the prime factors of 2525369?
7, 11, 32797
What are the prime factors of 20762818?
2, 10381409
What are the prime factors of 470473?
470473
List the prime factors of 19648579.
541, 36319
What are the prime factors of 1698017?
307, 5531
List the prime factors of 85232.
2, 7, 761
What are the prime factors of 246856?
2, 59, 523
What are the prime factors of 1188121?
11, 108011
List the prime factors of 10081691.
67, 150473
What are the prime factors of 986210?
2, 5, 98621
What are the prime factors of 6851837?
19, 31, 11633
What are the prime factors of 518035?
5, 7, 19, 41
List the prime factors of 5883227.
7, 523, 1607
What are the prime factors of 132906?
2, 3, 17, 1303
List the prime factors of 397876.
2, 99469
List the prime factors of 479209.
479209
What are the prime factors of 1683323?
17, 83, 1193
List the prime factors of 363721.
557, 653
List the prime factors of 6563297.
13, 313, 1613
What are the prime factors of 3241119?
3, 7, 154339
What are the prime factors of 1593552?
2, 3, 33199
List the prime factors of 912521.
912521
What are the prime factors of 4530150?
2, 3, 5, 10067
List the prime factors of 3314708.
2, 828677
List the prime factors of 250930.
2, 5, 23, 1091
List the prime factors of 875004.
2, 3, 13, 71, 79
What are the prime factors of 158977?
7, 13, 1747
What are the prime factors of 1977900?
2, 3, 5, 19, 347
What are the prime factors of 3433731?
3, 7, 113, 1447
List the prime factors of 579068.
2, 7, 20681
List the prime factors of 512488.
2, 29, 47
List the prime factors of 148871.
41, 3631
What are the prime factors of 531658?
2, 17, 19, 823
List the prime factors of 3638505.
3, 5, 13, 47, 397
List the prime factors of 7723403.
7723403
What are the prime factors of 16308397?
7, 281, 8291
What are the prime factors of 376938?
2, 3, 43, 487
What are the prime factors of 3930919?
3930919
List the prime factors of 1754708.
2, 103, 4259
What are the prime factors of 8789801?
1013, 8677
List the prime factors of 417469.
13, 17, 1889
What are the prime factors of 5241774?
2, 3, 281, 3109
List the prime factors of 2505913.
563, 4451
List the prime factors of 12707640.
2, 3, 5, 11, 3209
What are the prime factors of 6482618?
2, 3241309
List the prime factors of 113258.
2, 56629
List the prime factors of 3751405.
5, 7, 107183
What are the prime factors of 5386742?
2, 2693371
List the prime factors of 9590648.
2, 29, 67, 617
List the prime factors of 1049756.
2, 67, 3917
List the prime factors of 1144713.
3, 73, 5227
What are the prime factors of 281598?
2, 3, 46933
What are the prime factors of 6130402?
2, 41, 74761
List the prime factors of 2648641.
41, 64601
List the prime factors of 288798.
2, 3, 127, 379
List the prime factors of 44584.
2, 5573
What are the prime factors of 6117674?
2, 3058837
List the prime factors of 231535.
5, 46307
List the prime factors of 333579.
3, 251, 443
What are the prime factors of 10006342?
2, 1733, 2887
What are the prime factors of 4114200?
2, 3, 5, 6857
List the prime factors of 1030043.
7, 37, 41, 97
List the prime factors of 100439.
47, 2137
List the prime factors of 11607428.
2, 7, 41, 10111
List the prime factors of 132455.
5, 59, 449
List the prime factors of 8547715.
5, 11, 155413
What are the prime factors of 2041610?
2, 5, 204161
What are the prime factors of 235142?
2, 117571
What are the prime factors of 1266588?
2, 3, 151, 233
What are the prime factors of 11502077?
1451, 7927
List the prime factors of 124666.
2, 83, 751
List the prime factors of 187526.
2, 93763
List the prime factors of 51938.
2, 25969
List the prime factors of 12137600.
2, 5, 3793
List the prime factors of 783373.
783373
What are the prime factors of 546079?
19, 41, 701
List the prime factors of 3357677.
3357677
List the prime factors of 47340.
2, 3, 5, 263
List the prime factors of 7757117.
17, 181, 2521
List the prime factors of 7023950.
2, 5, 59, 2381
What are the prime factors of 216272?
2, 7, 1931
List the prime factors of 12158.
2, 6079
What are the prime factors of 1117776?
2, 3, 11, 29, 73
What are the prime factors of 17422784?
2, 272231
What are the prime factors of 16921446?
2, 3, 43, 65587
List the prime factors of 12103317.
3, 113, 3967
What are the prime factors of 7258101?
3, 83, 103, 283
List the prime factors of 71138.
2, 35569
List the prime factors of 7010741.
1151, 6091
List the prime factors of 8506165.
5, 1701233
What are the prime factors of 777031?
777031
What are the prime factors of 1632075?
3, 5, 47, 463
List the prime factors of 4539463.
1483, 3061
What are the prime factors of 110450?
2, 5, 47
List the prime factors of 7816.
2, 977
List the prime factors of 3081357.
3, 342373
List the prime factors of 69331.
19, 41, 89
List the prime factors of 69612.
2, 3, 5801
List the prime factors of 130248.
2, 3, 67
What are the prime factors of 5107853?
1201, 4253
What are the prime factors of 104527?
104527
List the prime factors of 5219389.
7, 373, 1999
List the prime factors of 18990.
2, 3, 5, 211
List the prime factors of 53455.
5, 10691
What are the prime factors of 692555?
5, 138511
What are the prime factors of 30894030?
2, 3, 5, 343267
What are the prime factors of 7788523?
7788523
List the prime factors of 14536518.
2, 3, 571, 4243
List the prime factors of 6632866.
2, 67, 49499
List the prime factors of 85687.
7, 12241
List the prime factors of 5493219.
3, 47, 38959
What are the prime factors of 238427?
7, 34061
List the prime factors of 1051241.
31, 33911
What are the prime factors of 511625?
5, 4093
What are the prime factors of 2027105?
5, 23, 17627
List the prime factors of 17015643.
3, 73, 89, 97
What are the prime factors of 2227897?
7, 318271
List the prime factors of 1021765.
5, 204353
List the prime factors of 2663295.
3, 5, 177553
What are the prime factors of 5417584?
2, 19, 71, 251
What are the prime factors of 1234782?
2, 3, 181, 379
What are the prime factors of 1894222?
2, 11, 29, 2969
List the prime factors of 6093251.
53, 114967
What are the prime factors of 305493?
3, 79, 1289
List the prime factors of 349508.
2, 23, 29, 131
What are the prime factors of 466462?
2, 233231
List the prime factors of 787747.
787747
List the prime factors of 616750.
2, 5, 2467
List the prime factors of 340708.
2, 19, 4483
What are the prime factors of 649285?
5, 7, 13, 1427
List the prime factors of 1605.
3, 5, 107
List the prime factors of 89411.
7, 53, 241
List the prime factors of 8408600.
2, 5, 42043
List the prime factors of 356546.
2, 23, 337
List the prime factors of 585195.
3, 5, 13, 3001
List the prime factors of 7178595.
3, 5, 478573
What are the prime factors of 1199218?
2, 109, 5501
List the prime factors of 7640588.
2, 1910147
List the prime factors of 951163.
283, 3361
List the prime factors of 611912.
2, 7, 223
List the prime factors of 8545060.
2, 5, 19, 113, 199
What are the prime factors of 491249?
11, 17, 37, 71
List the prime factors of 315165.
3, 5, 21011
What are the prime factors of 606267?
3, 31, 41, 53
List the prime factors of 2255228.
2, 173, 3259
List the prime factors of 25038.
2, 3, 13, 107
What are the prime factors of 9562394?
2, 4781197
What are the prime factors of 2394122?
2,